t a = 5 - v. Suppose b + 0*b = a. What is the units digit of b?
7
Suppose -4*q = 16, 2*g + 5*q = -0*g + 206. What is the hundreds digit of g?
1
Suppose 5*s - 28 - 7 = 0. What is the units digit of s?
7
What is the tens digit of (-108)/(1*-4) + -3?
2
Suppose -h = 3*t - 11, -10 = -2*t - 2*h - 0. Suppose 2*r = -w + 8, t*w - 3 + 21 = r. What is the units digit of r?
6
Let q be (-6 - 0)*(-2)/(-6). What is the units digit of (3/(-12))/(q/328)?
1
Suppose -599 = -2*f + 5*w, -567 - 340 = -3*f - w. What is the hundreds digit of f?
3
Suppose -h = 3*h - 32. Suppose -h + 30 = 2*m. What is the units digit of m?
1
What is the hundreds digit of (-5 - 10)*(-58)/6?
1
Let k(h) = -h**2 + 5*h - 1. Let b be k(5). What is the units digit of b*1/(-2)*2?
1
Let l be (-196)/(-6) - (-12)/(-18). What is the units digit of (-3)/(-9) - l/(-12)?
3
What is the tens digit of (-31 + 4)/((-1)/3)?
8
What is the tens digit of 183/2*(-1)/(9/(-6))?
6
What is the tens digit of 4/(-18) + (-3381)/(-27)?
2
Let o be (-199)/(-5) + (-4)/(-20). Suppose -r = -5*r + o. What is the units digit of r?
0
Let b(a) = -a**2 - 19*a - 6. What is the tens digit of b(-15)?
5
Suppose -9 = 3*a, -2*a - 95 = 4*z - 5*a. What is the units digit of (z/(-4))/((-4)/(-8))?
3
Suppose -3*i - 5*l = -365, -l = -3*i + 2*l + 381. What is the hundreds digit of i?
1
Let p = -3 - -9. Let c(m) = -m**3 + 7*m**2 - 4*m - 7. What is the units digit of c(p)?
5
Suppose 5*x = 3*a - 45, -4*x = -0*x. What is the tens digit of a?
1
Suppose 207 = 3*m - 18. What is the units digit of m?
5
Suppose 0 = -21*v + 6632 - 1046. What is the tens digit of v?
6
What is the tens digit of (-12 + 4)/(-4) + 32?
3
Suppose -3*u - 2*u = 5, 4*m + 5*u = 83. Suppose 0 = 4*q - 18 - m. What is the units digit of q?
0
Suppose -3*y + 2 - 4 = -4*k, 2*y + 4*k + 8 = 0. Let x be 0/2 + (-5 - 3). What is the units digit of 4*(y/x)/1?
1
Let w(a) = 8*a**2 + a. Let k be w(-2). Let t = k + -8. What is the units digit of t?
2
Let l = -2 - 7. What is the units digit of l/(-1)*(-20)/(-6)?
0
Let o = -24 + 26. Suppose -s = 5*k - 14, o*k - 6 = 4*s + 4. What is the units digit of k?
3
Suppose 11 + 19 = 3*v. What is the tens digit of v?
1
Suppose -5*w + 38 = -2*m, 2*w + 0 = 5*m + 11. Suppose -5*h + 78 = w. What is the tens digit of h?
1
What is the tens digit of 0 + 3 - 150/(-3)?
5
Let l be (-66)/(-10) + 3/(-5). Suppose 4*f + n = 20, 2*f = 2*n + l + 4. What is the units digit of f?
5
Let q(w) = -5*w. Let x be q(2). Let t = -17 - x. Let r = t - -12. What is the units digit of r?
5
Suppose 3*q - 4*z = 8, -q = -2*z + 3*z - 5. What is the units digit of 1/(93/23 - q)?
3
Let c(v) = -v**3 + 9*v**2 - 5*v + 1. What is the units digit of c(5)?
6
Let d = 50 - -13. What is the tens digit of d?
6
Suppose c = 5*k + 18, 2*c + 3*k - 3 = -2*c. Suppose 0 = -2*f + 2*u - 38, -5*f = -c*u + 4*u + 83. What is the units digit of 3/(-12) + f/(-4)?
4
Let f(x) be the second derivative of 14*x**3/3 + x**2/2 - 4*x. Let j be f(1). Suppose j = 3*y + 8. What is the units digit of y?
7
Suppose f - 4*f = -x - 9, 12 = 3*x + 4*f. Suppose 2*r + x*r - 34 = 0. What is the units digit of r?
7
Let t = -5 - -12. Suppose 5*v - 22 = -t, 0 = -g + 4*v - 10. What is the units digit of g?
2
Let s(r) = -r + 3. Let n be s(5). Let o(b) = b**2 - 5*b + 2. Let j be o(3). What is the units digit of 2 + j + (n - -8)?
4
Let u(o) = o**2 - 1. Let d be u(1). Suppose 5*y = -w + 303, d*y + 5*w - 135 = -2*y. Suppose -2*c + s + 16 = 4*s, s + y = 4*c. What is the tens digit of c?
1
Let x(f) = 2*f**2 - 5*f + 3. Let b(z) = -z**3 - 6*z**2 - 2*z - 9. Let n be (2 - (-8)/(-6))*-9. Let c be b(n). What is the units digit of x(c)?
6
Suppose 0*q + 5*v + 1 = -2*q, -q + 4*v = -6. Suppose -4 = -2*p - 3*h, -q*h + 3 = -4*p - 5. Let d = p + 11. What is the tens digit of d?
1
Suppose -6*t = -3*t - 6. Suppose -3*a + a + 40 = -t*m, 4*a - 3*m - 83 = 0. What is the tens digit of a?
2
Suppose 10 = 2*t + 4*c, 5*t - 4*t = 3*c + 20. Let d = t + -3. What is the tens digit of 186/14 + d/(-28)?
1
Suppose t + 4*t + 15 = 0. What is the units digit of -1 - ((-117)/(-3))/t?
2
Suppose i + 9 = -0*i. Let k = i + 4. Let t = k - -13. What is the units digit of t?
8
Suppose 0 = -106*f + 102*f + 1244. What is the tens digit of f?
1
Suppose y = 2*y - 6. Let p(f) = f**2 - 7*f + 4. Let o be p(y). What is the tens digit of o/6 + 31/3?
1
Let y(o) = -o - 14. Let w be y(-8). What is the tens digit of w/15 - (-72)/5?
1
Suppose 3*d = 7*d - 12. Suppose d*t - 4 = 14. What is the units digit of t?
6
Suppose 0*i - 2*i + v - 4 = 0, 3 = 3*i + 3*v. Let m = i - -6. Suppose 1 + 14 = m*d. What is the units digit of d?
3
Suppose 0 = -0*m - m + 4*t + 37, t = -3*m + 150. What is the tens digit of m?
4
Let s = -187 + 270. What is the tens digit of s?
8
Let q(k) = k**2 + 7*k + 1. Let u be q(-9). Suppose b = 1 + u. What is the units digit of b?
0
Suppose -2*x + 5*x = 33. Suppose -2*q - x = -3*q. Suppose -5 = -2*w + q. What is the units digit of w?
8
Let i(g) = -g**3 - 5*g**2 - g + 14. What is the tens digit of i(-6)?
5
Let q(m) = m**3 + 9*m**2 - 10*m - 2. Let w be q(-10). Let k(o) = -12*o + 3. What is the units digit of k(w)?
7
What is the units digit of (4 - 11/2)*-50?
5
Suppose -3*u - v = -13, -5*u + 4*v + 3 = v. Suppose -2*b - d = u*b - 39, -2*d = 3*b - 22. What is the units digit of b?
8
Suppose q + 22 - 139 = 0. What is the tens digit of q?
1
Suppose 5*z - 5*d + 5 = 0, -3*z = -0*d + 4*d + 38. What is the units digit of (-20)/z - 4/(-6)?
4
Let r be 3/(-3) + -2 - 2. Let m = r + 6. What is the units digit of m?
1
Let i(v) = 2*v**3 - 3*v**2 + 12 - 12 - 3*v. What is the units digit of i(3)?
8
Suppose 5*i - 1 = 2*m - 11, 5*i = -2*m + 10. Suppose i*g + 2*g - 70 = 0. What is the tens digit of g?
3
Suppose -16 = -x - 3*x. Suppose x*p = 2*p + 10. Suppose -25 = -5*c + p*z, 33 + 10 = 3*c + 4*z. What is the units digit of c?
9
Let f = 49 + -28. What is the tens digit of f?
2
Let b = 26 - 18. Let a be (b/5)/(6/15). Suppose 47 = a*f + 3. What is the units digit of f?
1
Let r = 35 + -25. What is the units digit of r?
0
Let t = -10 + 5. Let b = 4 + t. What is the units digit of (b/2)/((-3)/48)?
8
Let p be 4/(-2)*(-3)/6. Suppose -13 = -k - p. What is the units digit of k?
2
Let y(o) = o - 1. Suppose 0 = 11*l - 7*l - 4. Let k be y(l). What is the tens digit of k + -1 + (-1 - -13)?
1
Let p = -10 + 15. Suppose 24 = -w + p*w. What is the units digit of w?
6
Let m(h) = -h**2 - 6*h + 7. Suppose 1 = -c - 4, 5*k + 5*c = -55. What is the units digit of m(k)?
7
What is the tens digit of -134*1/(-2) - -4?
7
Let u = 116 - 14. What is the hundreds digit of u?
1
Let c = 7 - -6. Let r be -2 + -1 + -2 + 8. Suppose -r*w + 5 = -c. What is the units digit of w?
6
Suppose 3*o = -1 + 4. Suppose -d + o = -3. Suppose 4*b - 3*l = 61, 5*b - d*l - 49 = 27. What is the units digit of b?
6
Let y(r) = -22*r - 7. Let s(d) = -11*d - 4. Let j(w) = -5*s(w) + 3*y(w). Let t be j(-1). Let m = 0 + t. What is the units digit of m?
0
Let c = 5 + -1. Suppose c*y - 2 - 2 = 0. Suppose u + 4 = -4*v, 0 = 5*v + 11 - y. What is the units digit of u?
4
Suppose j + 2 = 2*d - 0*j, 3*d - 5*j = -11. Suppose -3*l = d*g - 24, 0*l - 13 = -2*g + l. What is the units digit of g?
7
Let m be (4/5)/((-4)/(-30)). Let a(d) = d + 13. What is the tens digit of a(m)?
1
Let y(n) = -n**2 + 6*n + 1. Let w = -16 - -27. Let m = w - 6. What is the units digit of y(m)?
6
Suppose 311 = 4*h + 5*d, -13*h + 367 = -8*h - d. What is the units digit of h?
4
Suppose 19*v - 13*v - 210 = 0. What is the tens digit of v?
3
Suppose 5*y = 2*y + 126. What is the tens digit of (-12)/y - (-690)/14?
4
Let t(y) = -7*y - 17. Let a be t(-14). Suppose -9 = -3*q, k + 3*q = a - 2. Suppose k = 6*b - b. What is the tens digit of b?
1
Suppose 0 = -f - 1 + 4. Suppose 0 = -f*g + 4*g. Suppose g*u + 3*u + 3*a = 51, 3*u - 51 = -2*a. What is the units digit of u?
7
Suppose -w + 5*k + 6 = 0, 6 = k + 5. What is the tens digit of w?
1
Let g(k) = -3*k**3 - 9*k**2 + 3*k - 2. What is the units digit of g(-4)?
4
Let s(h) = -2*h**3 - 3*h**2 - 2*h + 1. What is the units digit of s(-3)?
4
Let z = 3 - 6. What is the units digit of z/4 + (-335)/(-20)?
6
What is the units digit of 4/(-16)*-2*-6 + 172?
9
Let w = -9 - -31. Let x = -6 + 8. Suppose 4*v + w = x*r, 2*r - v + 26 = 5*r. What is the units digit of r?
9
Suppose -5*p 